{"id":34,"date":"2021-06-16T15:53:17","date_gmt":"2021-06-16T15:53:17","guid":{"rendered":"https:\/\/demo.artureanec.com\/themes\/transx-new\/?page_id=34"},"modified":"2021-06-16T15:53:17","modified_gmt":"2021-06-16T15:53:17","slug":"alerts","status":"publish","type":"page","link":"https:\/\/balancasdigital.com.br\/index.php\/alerts\/","title":{"rendered":"Alerts"},"content":{"rendered":"\t\t<div data-elementor-type=\"wp-page\" data-elementor-id=\"34\" class=\"elementor elementor-34\">\n\t\t\t\t\t\t<section class=\"elementor-section elementor-top-section elementor-element elementor-element-6a43e803 elementor-section-boxed elementor-section-height-default elementor-section-height-default\" data-id=\"6a43e803\" data-element_type=\"section\">\n\t\t\t\t\t\t<div class=\"elementor-container elementor-column-gap-default\">\n\t\t\t\t\t<div class=\"elementor-column elementor-col-16 elementor-top-column elementor-element elementor-element-239a489e\" data-id=\"239a489e\" data-element_type=\"column\">\n\t\t\t<div class=\"elementor-widget-wrap\">\n\t\t\t\t\t\t\t<\/div>\n\t\t<\/div>\n\t\t\t\t<div class=\"elementor-column elementor-col-66 elementor-top-column elementor-element elementor-element-7d58677b\" data-id=\"7d58677b\" data-element_type=\"column\">\n\t\t\t<div class=\"elementor-widget-wrap elementor-element-populated\">\n\t\t\t\t\t\t<div class=\"elementor-element elementor-element-1194279e elementor-widget elementor-widget-transx_heading\" data-id=\"1194279e\" data-element_type=\"widget\" data-widget_type=\"transx_heading.default\">\n\t\t\t\t<div class=\"elementor-widget-container\">\n\t\t\t\n        <div class=\"transx_heading_widget\">\n            \n                <h2 class=\"transx_heading\">\n                    Variant 1                <\/h2>\n                        <\/div>\n        \t\t<\/div>\n\t\t\t\t<\/div>\n\t\t\t\t<div class=\"elementor-element elementor-element-5c866189 elementor-alert-success transx_view_type_1 elementor-widget elementor-widget-alert\" data-id=\"5c866189\" data-element_type=\"widget\" data-widget_type=\"alert.default\">\n\t\t\t\t<div class=\"elementor-widget-container\">\n\t\t\t\t\t<div class=\"elementor-alert\" role=\"alert\">\n\n\t\t\t\t\t\t<span class=\"elementor-alert-title\">Well done!<\/span>\n\t\t\t\n\t\t\t\t\t\t<span class=\"elementor-alert-description\">You successfully read this important alert message<\/span>\n\t\t\t\n\t\t\t\t\t\t<button type=\"button\" class=\"elementor-alert-dismiss\">\n\t\t\t\t\t\t\t\t\t<span aria-hidden=\"true\">&times;<\/span>\n\t\t\t\t\t\t\t\t<span class=\"elementor-screen-only\">Dispensar este alerta.<\/span>\n\t\t\t<\/button>\n\t\t\t\n\t\t<\/div>\n\t\t\t\t<\/div>\n\t\t\t\t<\/div>\n\t\t\t\t<div class=\"elementor-element elementor-element-4df4a1f9 transx_view_type_1 elementor-alert-info elementor-widget elementor-widget-alert\" data-id=\"4df4a1f9\" data-element_type=\"widget\" data-widget_type=\"alert.default\">\n\t\t\t\t<div class=\"elementor-widget-container\">\n\t\t\t\t\t<div class=\"elementor-alert\" role=\"alert\">\n\n\t\t\t\t\t\t<span class=\"elementor-alert-title\">Heads up!<\/span>\n\t\t\t\n\t\t\t\t\t\t<span class=\"elementor-alert-description\">This alert needs your attention, but it's not super important<\/span>\n\t\t\t\n\t\t\t\t\t\t<button type=\"button\" class=\"elementor-alert-dismiss\">\n\t\t\t\t\t\t\t\t\t<span aria-hidden=\"true\">&times;<\/span>\n\t\t\t\t\t\t\t\t<span class=\"elementor-screen-only\">Dispensar este alerta.<\/span>\n\t\t\t<\/button>\n\t\t\t\n\t\t<\/div>\n\t\t\t\t<\/div>\n\t\t\t\t<\/div>\n\t\t\t\t<div class=\"elementor-element elementor-element-176c531e elementor-alert-warning transx_view_type_1 elementor-widget elementor-widget-alert\" data-id=\"176c531e\" data-element_type=\"widget\" data-widget_type=\"alert.default\">\n\t\t\t\t<div class=\"elementor-widget-container\">\n\t\t\t\t\t<div class=\"elementor-alert\" role=\"alert\">\n\n\t\t\t\t\t\t<span class=\"elementor-alert-title\">Warning!<\/span>\n\t\t\t\n\t\t\t\t\t\t<span class=\"elementor-alert-description\">Better check yourself, you're not looking too good<\/span>\n\t\t\t\n\t\t\t\t\t\t<button type=\"button\" class=\"elementor-alert-dismiss\">\n\t\t\t\t\t\t\t\t\t<span aria-hidden=\"true\">&times;<\/span>\n\t\t\t\t\t\t\t\t<span class=\"elementor-screen-only\">Dispensar este alerta.<\/span>\n\t\t\t<\/button>\n\t\t\t\n\t\t<\/div>\n\t\t\t\t<\/div>\n\t\t\t\t<\/div>\n\t\t\t\t<div class=\"elementor-element elementor-element-6db96969 elementor-alert-danger transx_view_type_1 elementor-widget elementor-widget-alert\" data-id=\"6db96969\" data-element_type=\"widget\" data-widget_type=\"alert.default\">\n\t\t\t\t<div class=\"elementor-widget-container\">\n\t\t\t\t\t<div class=\"elementor-alert\" role=\"alert\">\n\n\t\t\t\t\t\t<span class=\"elementor-alert-title\">Oh snap!<\/span>\n\t\t\t\n\t\t\t\t\t\t<span class=\"elementor-alert-description\"> Change a few things up and try submitting again<\/span>\n\t\t\t\n\t\t\t\t\t\t<button type=\"button\" class=\"elementor-alert-dismiss\">\n\t\t\t\t\t\t\t\t\t<span aria-hidden=\"true\">&times;<\/span>\n\t\t\t\t\t\t\t\t<span class=\"elementor-screen-only\">Dispensar este alerta.<\/span>\n\t\t\t<\/button>\n\t\t\t\n\t\t<\/div>\n\t\t\t\t<\/div>\n\t\t\t\t<\/div>\n\t\t\t\t<div class=\"elementor-element elementor-element-48453e78 elementor-widget elementor-widget-transx_heading\" data-id=\"48453e78\" data-element_type=\"widget\" data-widget_type=\"transx_heading.default\">\n\t\t\t\t<div class=\"elementor-widget-container\">\n\t\t\t\n        <div class=\"transx_heading_widget\">\n            \n                <h2 class=\"transx_heading\">\n                    Variant 2                <\/h2>\n                        <\/div>\n        \t\t<\/div>\n\t\t\t\t<\/div>\n\t\t\t\t<div class=\"elementor-element elementor-element-7d6c1415 elementor-alert-success transx_view_type_2 elementor-widget elementor-widget-alert\" data-id=\"7d6c1415\" data-element_type=\"widget\" data-widget_type=\"alert.default\">\n\t\t\t\t<div class=\"elementor-widget-container\">\n\t\t\t\t\t<div class=\"elementor-alert\" role=\"alert\">\n\n\t\t\t\t\t\t<span class=\"elementor-alert-title\">Well done!<\/span>\n\t\t\t\n\t\t\t\t\t\t<span class=\"elementor-alert-description\">You successfully read this important alert message<\/span>\n\t\t\t\n\t\t\t\t\t\t<button type=\"button\" class=\"elementor-alert-dismiss\">\n\t\t\t\t\t\t\t\t\t<span aria-hidden=\"true\">&times;<\/span>\n\t\t\t\t\t\t\t\t<span class=\"elementor-screen-only\">Dispensar este alerta.<\/span>\n\t\t\t<\/button>\n\t\t\t\n\t\t<\/div>\n\t\t\t\t<\/div>\n\t\t\t\t<\/div>\n\t\t\t\t<div class=\"elementor-element elementor-element-5c112e72 transx_view_type_2 elementor-alert-info elementor-widget elementor-widget-alert\" data-id=\"5c112e72\" data-element_type=\"widget\" data-widget_type=\"alert.default\">\n\t\t\t\t<div class=\"elementor-widget-container\">\n\t\t\t\t\t<div class=\"elementor-alert\" role=\"alert\">\n\n\t\t\t\t\t\t<span class=\"elementor-alert-title\">Heads up!<\/span>\n\t\t\t\n\t\t\t\t\t\t<span class=\"elementor-alert-description\">This alert needs your attention, but it's not super important<\/span>\n\t\t\t\n\t\t\t\t\t\t<button type=\"button\" class=\"elementor-alert-dismiss\">\n\t\t\t\t\t\t\t\t\t<span aria-hidden=\"true\">&times;<\/span>\n\t\t\t\t\t\t\t\t<span class=\"elementor-screen-only\">Dispensar este alerta.<\/span>\n\t\t\t<\/button>\n\t\t\t\n\t\t<\/div>\n\t\t\t\t<\/div>\n\t\t\t\t<\/div>\n\t\t\t\t<div class=\"elementor-element elementor-element-4501d998 elementor-alert-warning transx_view_type_2 elementor-widget elementor-widget-alert\" data-id=\"4501d998\" data-element_type=\"widget\" data-widget_type=\"alert.default\">\n\t\t\t\t<div class=\"elementor-widget-container\">\n\t\t\t\t\t<div class=\"elementor-alert\" role=\"alert\">\n\n\t\t\t\t\t\t<span class=\"elementor-alert-title\">Warning!<\/span>\n\t\t\t\n\t\t\t\t\t\t<span class=\"elementor-alert-description\">Better check yourself, you're not looking too good<\/span>\n\t\t\t\n\t\t\t\t\t\t<button type=\"button\" class=\"elementor-alert-dismiss\">\n\t\t\t\t\t\t\t\t\t<span aria-hidden=\"true\">&times;<\/span>\n\t\t\t\t\t\t\t\t<span class=\"elementor-screen-only\">Dispensar este alerta.<\/span>\n\t\t\t<\/button>\n\t\t\t\n\t\t<\/div>\n\t\t\t\t<\/div>\n\t\t\t\t<\/div>\n\t\t\t\t<div class=\"elementor-element elementor-element-61d7427d elementor-alert-danger transx_view_type_2 elementor-widget elementor-widget-alert\" data-id=\"61d7427d\" data-element_type=\"widget\" data-widget_type=\"alert.default\">\n\t\t\t\t<div class=\"elementor-widget-container\">\n\t\t\t\t\t<div class=\"elementor-alert\" role=\"alert\">\n\n\t\t\t\t\t\t<span class=\"elementor-alert-title\">Oh snap!<\/span>\n\t\t\t\n\t\t\t\t\t\t<span class=\"elementor-alert-description\"> Change a few things up and try submitting again<\/span>\n\t\t\t\n\t\t\t\t\t\t<button type=\"button\" class=\"elementor-alert-dismiss\">\n\t\t\t\t\t\t\t\t\t<span aria-hidden=\"true\">&times;<\/span>\n\t\t\t\t\t\t\t\t<span class=\"elementor-screen-only\">Dispensar este alerta.<\/span>\n\t\t\t<\/button>\n\t\t\t\n\t\t<\/div>\n\t\t\t\t<\/div>\n\t\t\t\t<\/div>\n\t\t\t\t\t<\/div>\n\t\t<\/div>\n\t\t\t\t<div class=\"elementor-column elementor-col-16 elementor-top-column elementor-element elementor-element-31367cf\" data-id=\"31367cf\" data-element_type=\"column\">\n\t\t\t<div class=\"elementor-widget-wrap\">\n\t\t\t\t\t\t\t<\/div>\n\t\t<\/div>\n\t\t\t\t\t<\/div>\n\t\t<\/section>\n\t\t\t\t<\/div>\n\t\t","protected":false},"excerpt":{"rendered":"<p>Well done! You successfully read this important alert message &times; Dismiss alert Heads up! This alert needs your attention, but it&#8217;s not super important &times; Dismiss alert Warning! Better check yourself, you&#8217;re not looking too good &times; Dismiss alert Oh snap! Change a few things up and try submitting again &times; Dismiss alert Well done! [&hellip;]<\/p>\n","protected":false},"author":1,"featured_media":0,"parent":0,"menu_order":0,"comment_status":"closed","ping_status":"closed","template":"","meta":{"_joinchat":[],"footnotes":""},"class_list":["post-34","page","type-page","status-publish","hentry"],"yoast_head":"<!-- This site is optimized with the Yoast SEO plugin v24.0 - https:\/\/yoast.com\/wordpress\/plugins\/seo\/ -->\n<title>Alerts - Digital Balan\u00e7as<\/title>\n<meta name=\"robots\" content=\"index, follow, max-snippet:-1, max-image-preview:large, max-video-preview:-1\" \/>\n<link rel=\"canonical\" href=\"https:\/\/balancasdigital.com.br\/index.php\/alerts\/\" \/>\n<meta property=\"og:locale\" content=\"pt_BR\" \/>\n<meta property=\"og:type\" content=\"article\" \/>\n<meta property=\"og:title\" content=\"Alerts - Digital Balan\u00e7as\" \/>\n<meta property=\"og:description\" content=\"Well done! You successfully read this important alert message &times; Dismiss alert Heads up! This alert needs your attention, but it&#8217;s not super important &times; Dismiss alert Warning! Better check yourself, you&#8217;re not looking too good &times; Dismiss alert Oh snap! Change a few things up and try submitting again &times; Dismiss alert Well done! [&hellip;]\" \/>\n<meta property=\"og:url\" content=\"https:\/\/balancasdigital.com.br\/index.php\/alerts\/\" \/>\n<meta property=\"og:site_name\" content=\"Digital Balan\u00e7as\" \/>\n<meta name=\"twitter:card\" content=\"summary_large_image\" \/>\n<meta name=\"twitter:label1\" content=\"Est. tempo de leitura\" \/>\n\t<meta name=\"twitter:data1\" content=\"1 minuto\" \/>\n<script type=\"application\/ld+json\" class=\"yoast-schema-graph\">{\"@context\":\"https:\/\/schema.org\",\"@graph\":[{\"@type\":\"WebPage\",\"@id\":\"https:\/\/balancasdigital.com.br\/index.php\/alerts\/\",\"url\":\"https:\/\/balancasdigital.com.br\/index.php\/alerts\/\",\"name\":\"Alerts - Digital Balan\u00e7as\",\"isPartOf\":{\"@id\":\"https:\/\/balancasdigital.com.br\/#website\"},\"datePublished\":\"2021-06-16T15:53:17+00:00\",\"dateModified\":\"2021-06-16T15:53:17+00:00\",\"breadcrumb\":{\"@id\":\"https:\/\/balancasdigital.com.br\/index.php\/alerts\/#breadcrumb\"},\"inLanguage\":\"pt-BR\",\"potentialAction\":[{\"@type\":\"ReadAction\",\"target\":[\"https:\/\/balancasdigital.com.br\/index.php\/alerts\/\"]}]},{\"@type\":\"BreadcrumbList\",\"@id\":\"https:\/\/balancasdigital.com.br\/index.php\/alerts\/#breadcrumb\",\"itemListElement\":[{\"@type\":\"ListItem\",\"position\":1,\"name\":\"In\u00edcio\",\"item\":\"https:\/\/balancasdigital.com.br\/\"},{\"@type\":\"ListItem\",\"position\":2,\"name\":\"Alerts\"}]},{\"@type\":\"WebSite\",\"@id\":\"https:\/\/balancasdigital.com.br\/#website\",\"url\":\"https:\/\/balancasdigital.com.br\/\",\"name\":\"Digital Balan\u00e7as\",\"description\":\"Com\u00e9rcio e assist\u00eancia de balan\u00e7as\",\"potentialAction\":[{\"@type\":\"SearchAction\",\"target\":{\"@type\":\"EntryPoint\",\"urlTemplate\":\"https:\/\/balancasdigital.com.br\/?s={search_term_string}\"},\"query-input\":{\"@type\":\"PropertyValueSpecification\",\"valueRequired\":true,\"valueName\":\"search_term_string\"}}],\"inLanguage\":\"pt-BR\"}]}<\/script>\n<!-- \/ Yoast SEO plugin. -->","yoast_head_json":{"title":"Alerts - Digital Balan\u00e7as","robots":{"index":"index","follow":"follow","max-snippet":"max-snippet:-1","max-image-preview":"max-image-preview:large","max-video-preview":"max-video-preview:-1"},"canonical":"https:\/\/balancasdigital.com.br\/index.php\/alerts\/","og_locale":"pt_BR","og_type":"article","og_title":"Alerts - Digital Balan\u00e7as","og_description":"Well done! You successfully read this important alert message &times; Dismiss alert Heads up! This alert needs your attention, but it&#8217;s not super important &times; Dismiss alert Warning! Better check yourself, you&#8217;re not looking too good &times; Dismiss alert Oh snap! Change a few things up and try submitting again &times; Dismiss alert Well done! [&hellip;]","og_url":"https:\/\/balancasdigital.com.br\/index.php\/alerts\/","og_site_name":"Digital Balan\u00e7as","twitter_card":"summary_large_image","twitter_misc":{"Est. tempo de leitura":"1 minuto"},"schema":{"@context":"https:\/\/schema.org","@graph":[{"@type":"WebPage","@id":"https:\/\/balancasdigital.com.br\/index.php\/alerts\/","url":"https:\/\/balancasdigital.com.br\/index.php\/alerts\/","name":"Alerts - Digital Balan\u00e7as","isPartOf":{"@id":"https:\/\/balancasdigital.com.br\/#website"},"datePublished":"2021-06-16T15:53:17+00:00","dateModified":"2021-06-16T15:53:17+00:00","breadcrumb":{"@id":"https:\/\/balancasdigital.com.br\/index.php\/alerts\/#breadcrumb"},"inLanguage":"pt-BR","potentialAction":[{"@type":"ReadAction","target":["https:\/\/balancasdigital.com.br\/index.php\/alerts\/"]}]},{"@type":"BreadcrumbList","@id":"https:\/\/balancasdigital.com.br\/index.php\/alerts\/#breadcrumb","itemListElement":[{"@type":"ListItem","position":1,"name":"In\u00edcio","item":"https:\/\/balancasdigital.com.br\/"},{"@type":"ListItem","position":2,"name":"Alerts"}]},{"@type":"WebSite","@id":"https:\/\/balancasdigital.com.br\/#website","url":"https:\/\/balancasdigital.com.br\/","name":"Digital Balan\u00e7as","description":"Com\u00e9rcio e assist\u00eancia de balan\u00e7as","potentialAction":[{"@type":"SearchAction","target":{"@type":"EntryPoint","urlTemplate":"https:\/\/balancasdigital.com.br\/?s={search_term_string}"},"query-input":{"@type":"PropertyValueSpecification","valueRequired":true,"valueName":"search_term_string"}}],"inLanguage":"pt-BR"}]}},"_links":{"self":[{"href":"https:\/\/balancasdigital.com.br\/index.php\/wp-json\/wp\/v2\/pages\/34","targetHints":{"allow":["GET"]}}],"collection":[{"href":"https:\/\/balancasdigital.com.br\/index.php\/wp-json\/wp\/v2\/pages"}],"about":[{"href":"https:\/\/balancasdigital.com.br\/index.php\/wp-json\/wp\/v2\/types\/page"}],"author":[{"embeddable":true,"href":"https:\/\/balancasdigital.com.br\/index.php\/wp-json\/wp\/v2\/users\/1"}],"replies":[{"embeddable":true,"href":"https:\/\/balancasdigital.com.br\/index.php\/wp-json\/wp\/v2\/comments?post=34"}],"version-history":[{"count":0,"href":"https:\/\/balancasdigital.com.br\/index.php\/wp-json\/wp\/v2\/pages\/34\/revisions"}],"wp:attachment":[{"href":"https:\/\/balancasdigital.com.br\/index.php\/wp-json\/wp\/v2\/media?parent=34"}],"curies":[{"name":"wp","href":"https:\/\/api.w.org\/{rel}","templated":true}]}}